{"id":47,"date":"2017-08-08T21:23:45","date_gmt":"2017-08-08T19:23:45","guid":{"rendered":"http:\/\/www.skolabezhranic.cz\/turany\/?page_id=47"},"modified":"2026-04-28T08:46:43","modified_gmt":"2026-04-28T06:46:43","slug":"jidelna","status":"publish","type":"page","link":"https:\/\/www.skolabezhranic.cz\/turany\/jidelna\/","title":{"rendered":"J\u00eddelna"},"content":{"rendered":"<div><img loading=\"lazy\" decoding=\"async\" class=\"wp-image-11817 alignright\" src=\"https:\/\/www.skolabezhranic.cz\/turany\/wp-content\/uploads\/2025\/06\/strava.cz-app-logo.png\" alt=\"\" width=\"77\" height=\"84\" \/><\/div>\n<div style=\"background-color: #dddddd; text-align: center; padding: 10px; margin: auto; width: 90%;\"><strong>Odhla\u0161ov\u00e1n\u00ed stravy je mo\u017en\u00e9 <span style=\"text-decoration: underline;\">v\u00fdhradn\u011b p\u0159ed aplikaci Strava.cz nebo p\u0159es web. str\u00e1nky: www.strava.cz.\u00a0\u00a0<\/span><br \/>\nStravu odhla\u0161ujte den dop\u0159edu do 14.00 hod. V p\u0159\u00edpad\u011b nemoci <span style=\"color: #ff0000;\">do 7.00 <\/span>\u00a0hodin r\u00e1no.<br \/>\nV p\u0159\u00edpad\u011b pot\u0159eby kontaktujte vedouc\u00ed \u0161k. j\u00eddelen &#8211; pan\u00ed Hanu Armstarkovou &#8211; 734 756 961; armstarkova@skolabezhranic.cz\u00a0<\/strong><\/div>\n<div>\n<p><img loading=\"lazy\" decoding=\"async\" class=\"alignnone wp-image-8476\" src=\"https:\/\/www.skolabezhranic.cz\/msec\/wp-content\/uploads\/2025\/06\/strava.cz-logo-300x113.png\" alt=\"\" width=\"170\" height=\"64\" \/> &#8211; n\u00e1vod, jak aktivovat \u00fa\u010det sv\u00e9ho d\u00edt\u011bte\/sv\u00fdch d\u011bt\u00ed:\u00a0 \u00a0 <a href=\"https:\/\/www.skolabezhranic.cz\/turany\/wp-content\/uploads\/2025\/06\/Strava-cz.-1.st_.-Turany-3.pdf\">1.st. Z\u0160 Tu\u0159any<\/a>\u00a0 \u00a0 \u00a0&#8211;\u00a0 \u00a0 \u00a0 <a href=\"https:\/\/www.skolabezhranic.cz\/msec\/wp-content\/uploads\/2025\/06\/Strava-cz.MS-Dokumenty-Google.pdf\">M\u0160 Tu\u0159any<\/a><\/p>\n<\/div>\n<div>\n<div style=\"text-align: center;\"><strong>J\u00cdDELN\u00cd\u010cEK<\/strong><\/div>\n<p style=\"text-align: center;\"><span style=\"color: #000000;\"><strong>T\u00fdden: 27. 4. 2026 &#8211; 1. 5. 2026<\/strong><\/span><span style=\"color: #000000;\"><strong><br \/>\n<\/strong><\/span><strong><a href=\"https:\/\/www.skolabezhranic.cz\/turany\/wp-content\/uploads\/2026\/04\/Ms-Turany-27.-4.-2026.pdf\">\u0160kolka\u00a0<\/a> <a href=\"https:\/\/www.skolabezhranic.cz\/turany\/wp-content\/uploads\/2026\/04\/Zs-Turany-27.-4.-2026.pdf\">\u00a0\u00a0\u0160kola<\/a><\/strong>\u00a0 <a href=\"https:\/\/www.skolabezhranic.cz\/turany\/wp-content\/uploads\/2026\/04\/Zs-Turany-27.-4.-2026.pdf\">\u00a0 <strong>Ostatn\u00ed<\/strong><\/a><\/p>\n<p style=\"text-align: center;\"><strong style=\"color: initial;\">J\u00cdDELN\u00cd\u010cEK<\/strong><\/p>\n<\/div>\n<p style=\"text-align: center;\"><span style=\"color: #000000;\"><strong>T\u00fdden: 4. 5. 2026 &#8211; 8. 5. 2026<br \/>\n<\/strong><\/span><strong><a href=\"https:\/\/www.skolabezhranic.cz\/turany\/wp-content\/uploads\/2026\/04\/Ms-Turany-4.-5.-2026.pdf\">\u0160kolka<\/a> \u00a0 <a href=\"https:\/\/www.skolabezhranic.cz\/turany\/wp-content\/uploads\/2026\/04\/Zs-Turany-4.-5.-2026.pdf\">\u00a0\u0160kola<\/a><\/strong> \u00a0<a href=\"https:\/\/www.skolabezhranic.cz\/turany\/wp-content\/uploads\/2026\/04\/Zs-Turany-4.-5.-2026.pdf\">\u00a0 \u00a0<strong>Ostatn\u00ed<\/strong> <\/a><\/p>\n<h5 style=\"text-align: left;\"><span style=\"color: #808080;\"><span style=\"text-decoration: underline; background-color: #00ffff;\"><strong>PLATBY<\/strong><\/span>:<br \/>\n&#8211; V <strong>HOTOVOSTI<\/strong> VE \u0160KOLN\u00cd J\u00cdDELN\u011a (vchod pro &#8222;ciz\u00ed str\u00e1vn\u00edky&#8220; u M\u0160) &#8218;<br \/>\n<span style=\"color: #000000;\">na kv\u011bten\u00a0 2026<\/span> &#8211; ve \u010dtvrtek\u00a0 30.<span style=\"background-color: #ffffff; color: #000000;\"> 4. 2026<\/span><\/span><span style=\"background-color: #ffffff; color: #000000;\">\u00a0<\/span> 7:00 &#8211; 8:00<\/h5>\n<h5 style=\"text-align: left;\"><span style=\"color: #808080;\">&#8211; BEZHOTOVOSTN\u00cd PLATBY ZA STRAVN\u00c9 &#8211; <\/span><strong style=\"color: #0000ff; font-size: revert; text-align: center;\">\u00daHRADOU NA BANKOVN\u00cd \u00da\u010cET<br \/>\n<\/strong><strong style=\"color: #ff0000; font-size: revert; text-align: center;\">\u00a0 30015\u20133529951379\/0800 &#8211; <\/strong><strong style=\"color: #0000ff; font-size: revert; text-align: center;\">do 25. dne<\/strong><span style=\"color: #0000ff; font-size: revert; font-weight: revert; text-align: center;\"> p\u0159edch\u00e1zej\u00edc\u00edho m\u011bs\u00edce\u00a0 <\/span><em style=\"font-size: revert; text-align: center; color: initial;\">(nap\u0159.: PLATBU NA \u0158\u00cdJEN NEJPOZD\u011aJI UHRADIT DO 25. Z\u00c1\u0158\u00cd); nutn\u00e9 uv\u00e9st<\/em><strong style=\"color: #0000ff; font-size: revert; text-align: center;\"> VARIABILN\u00cd SYMBOL P\u0158ID\u011aLEN\u00dd VA\u0160EMU D\u00cdT\u011aTI &#8211; <\/strong>Pros\u00edm o dodr\u017een\u00ed tohoto po\u017eadavku kv\u016fli identifikaci platby.<\/h5>\n<h5 style=\"text-align: left;\">POKUD NEBUDE STRAVN\u00c9 V Z\u0160 UHRAZENO V\u010cAS A NA CEL\u00dd M\u011aS\u00cdC, OB\u011aD NEBUDE \u00da\u010cTOV\u00c1N ANI VYD\u00c1N!!!<\/h5>\n<h4 style=\"text-align: center;\"><a href=\"https:\/\/www.skolabezhranic.cz\/turany\/wp-content\/uploads\/2025\/10\/20251020132159137.pdf\">CEN\u00cdK STRAVN\u00c9HO OD 1. 3. 2025<\/a><\/h4>\n<div style=\"background-color: #eeeeee; text-align: left; padding: 10px; margin-left: 10px; margin-top: 10px; width: 45%; font-size: 15px; float: left;\">\n<div><strong>Od 1. 6. 2025 najdete vy\u00fa\u010dtov\u00e1n\u00ed pouze ve Strava.cz<\/strong><\/div>\n<div>\n<div>\n<p><a href=\"https:\/\/www.skolabezhranic.cz\/turany\/vyuctovani-stravneho\/\">HISTORIE VY\u00da\u010cTOV\u00c1N\u00cd 12\/2015 &#8211; 5\/2025<\/a><\/p>\n<\/div>\n<\/div>\n<div><strong>\u00a0 \u00a0 \u00a0 \u00a0 \u00a0 \u00a0 <\/strong><\/div>\n<\/div>\n<div style=\"background-color: #eeeeee; text-align: center; padding: 10px; margin-left: 10px; margin-top: 10px; font-size: 14px; width: 45%; float: left;\">\n<ul>\n<li>Vedouc\u00ed \u0161koln\u00edch j\u00eddelen:<strong> Hana Armstarkov\u00e1<\/strong><\/li>\n<li><strong>mobil: 734 756 961, <\/strong>armstarkova@skolabezhranic.cz<\/li>\n<li>PLATBY V HOTOVOSTI: po telefonick\u00e9 dohod\u011b<\/li>\n<li>BEZHOTOVOSTN\u00cd PLATBY STRAVN\u00c9HO:\u00a0<strong>30015\u20133529951379\/0800<\/strong><\/li>\n<li>OZNA\u010cOV\u00c1N\u00cd ALERGEN\u016e V POKRMECH\u00a0&#8211; informace a legislativn\u00ed r\u00e1mec <a href=\"http:\/\/www.skolabezhranic.cz\/alerg.pdf\" target=\"_blank\" rel=\"noopener noreferrer\">ZDE<\/a><strong><br \/>\n<\/strong><\/li>\n<li>SEZNAM ALERGEN\u016e\u00a0publikovan\u00fdch v evropsk\u00e9 sm\u011brnici<strong>\u00a0&#8211;<a href=\"http:\/\/www.skolabezhranic.cz\/msec\/wp-content\/uploads\/2017\/08\/alergeny.jpg\">ZDE<\/a><\/strong><\/li>\n<li><a href=\"https:\/\/www.skolabezhranic.cz\/turany\/wp-content\/uploads\/2025\/09\/sj-zs-t.pdf\"><strong>VNIT\u0158N\u00cd<\/strong><strong> \u0158\u00c1D \u0160KOLN\u00cd J\u00cdDELNY &#8211; Z\u0160 Tu\u0159any<\/strong><\/a><\/li>\n<li><a href=\"https:\/\/www.skolabezhranic.cz\/turany\/wp-content\/uploads\/2025\/09\/sj-ms-t.pdf\"><strong>VNIT\u0158N\u00cd<\/strong><strong> \u0158\u00c1D \u0160KOLN\u00cd J\u00cdDELNY &#8211; M\u0160 Tu\u0159any<\/strong><\/a><\/li>\n<li><a href=\"https:\/\/www.skolabezhranic.cz\/msec\/wp-content\/uploads\/2025\/10\/prihlaska-ke-stravovani-Bez-hranic.docx.pdf\"><strong>P\u0159ihl\u00e1\u0161ka ke stravov\u00e1n\u00ed<\/strong><\/a><\/li>\n<li><a href=\"https:\/\/www.skolabezhranic.cz\/turany\/wp-content\/uploads\/2017\/08\/\u017e\u00e1dost-o-navr\u00e1cen\u00ed-p\u0159eplatku-stravn\u00e9ho-Z\u0160-Tu\u0159any.pdf\"><strong>\u017d\u00e1dost o vr\u00e1cen\u00ed p\u0159eplatku stravn\u00e9ho v Z\u0160<\/strong><\/a><\/li>\n<li><a href=\"https:\/\/www.skolabezhranic.cz\/turany\/wp-content\/uploads\/2017\/08\/\u017e\u00e1dost-o-navr\u00e1cen\u00ed-p\u0159eplatku-stravn\u00e9ho-M\u0160-Tu\u0159any.pdf\"><strong>\u017d\u00e1dost o vr\u00e1cen\u00ed p\u0159eplatku stravn\u00e9ho v M\u0160<\/strong><\/a><\/li>\n<li><strong><strong><a href=\"http:\/\/www.skolabezhranic.cz\/msec\/wp-content\/uploads\/2017\/08\/20200216142545996.pdf\">Sm\u011brnice ke stanoven\u00ed v\u00fd\u0161e \u00faplaty za \u0161koln\u00ed stravov\u00e1n\u00ed<\/a><\/strong><\/strong><\/li>\n<li><strong><a href=\"https:\/\/www.skolabezhranic.cz\/msec\/wp-content\/uploads\/2025\/02\/20250218081304155.pdf\">Dodatek \u010d. 8<\/a> (od 1. 3. 2025) &#8211; stanoven\u00ed aktu\u00e1ln\u00ed v\u00fd\u0161e \u00faplaty za stravov\u00e1n\u00ed<\/strong><\/li>\n<li><strong><a href=\"https:\/\/www.skolabezhranic.cz\/turany\/wp-content\/uploads\/2022\/11\/kyoScan-\u200e11\u200e.\u200e24\u200e.\u200e2022-\u200e9\u200e.\u200e31\u200e.\u200e44.pdf\">Dodatek \u010d. 7<\/a> (od 1. 1. 2023) &#8211; stanoven\u00ed aktu\u00e1ln\u00ed v\u00fd\u0161e \u00faplaty za stravov\u00e1n\u00ed<\/strong><\/li>\n<li><strong><a href=\"http:\/\/www.skolabezhranic.cz\/msec\/wp-content\/uploads\/2022\/02\/kyoScan-\u200e2\u200e.\u200e18\u200e.\u200e2022-\u200e13\u200e.\u200e06\u200e.\u200e23.pdf\">Dodatek \u010d. 6<\/a> (od 1. 4. 2022) &#8211; stanoven\u00ed aktu\u00e1ln\u00ed v\u00fd\u0161e \u00faplaty za stravov\u00e1n\u00ed v M\u0160<\/strong><\/li>\n<li><strong><a href=\"http:\/\/www.skolabezhranic.cz\/msec\/wp-content\/uploads\/2017\/08\/Dodatek5.pdf\">Dodatek \u010d. 5\u00a0<\/a>\u00a0(od 1. 9. 2020) \u2013 stanoven\u00ed aktu\u00e1ln\u00ed v\u00fd\u0161e \u00faplaty za stravov\u00e1n\u00ed<\/strong><\/li>\n<li><strong><a href=\"http:\/\/www.skolabezhranic.cz\/msec\/wp-content\/uploads\/2018\/09\/20180910141514189.pdf\">Dodatek \u010d. 4<\/a>\u00a0\u2013 stanoven\u00ed \u00faplaty za stravov\u00e1n\u00ed \u2013 vr\u00e1cen\u00ed p\u0159eplatk\u016f<\/strong><\/li>\n<li><a href=\"https:\/\/www.skolabezhranic.cz\/turany\/wp-content\/uploads\/2025\/09\/20250926103745895.pdf\">Sm\u011brnice pro konzumaci vlastn\u00edho j\u00eddla v prostor\u00e1ch \u0160J<\/a><\/li>\n<\/ul>\n<\/div>\n","protected":false},"excerpt":{"rendered":"<p>Odhla\u0161ov\u00e1n\u00ed stravy je mo\u017en\u00e9 v\u00fdhradn\u011b p\u0159ed aplikaci Strava.cz nebo p\u0159es web. str\u00e1nky: www.strava.cz.\u00a0\u00a0 Stravu odhla\u0161ujte den dop\u0159edu do 14.00 hod. V p\u0159\u00edpad\u011b nemoci do 7.00 \u00a0hodin r\u00e1no. V p\u0159\u00edpad\u011b pot\u0159eby kontaktujte vedouc\u00ed \u0161k. j\u00eddelen &#8211; pan\u00ed Hanu Armstarkovou &#8211; 734 756 961; armstarkova@skolabezhranic.cz\u00a0 &#8211; n\u00e1vod, jak aktivovat \u00fa\u010det sv\u00e9ho d\u00edt\u011bte\/sv\u00fdch&#46;&#46;&#46;<\/p>\n","protected":false},"author":2,"featured_media":0,"parent":0,"menu_order":0,"comment_status":"closed","ping_status":"closed","template":"","meta":{"footnotes":""},"class_list":["post-47","page","type-page","status-publish","hentry"],"_links":{"self":[{"href":"https:\/\/www.skolabezhranic.cz\/turany\/wp-json\/wp\/v2\/pages\/47","targetHints":{"allow":["GET"]}}],"collection":[{"href":"https:\/\/www.skolabezhranic.cz\/turany\/wp-json\/wp\/v2\/pages"}],"about":[{"href":"https:\/\/www.skolabezhranic.cz\/turany\/wp-json\/wp\/v2\/types\/page"}],"author":[{"embeddable":true,"href":"https:\/\/www.skolabezhranic.cz\/turany\/wp-json\/wp\/v2\/users\/2"}],"replies":[{"embeddable":true,"href":"https:\/\/www.skolabezhranic.cz\/turany\/wp-json\/wp\/v2\/comments?post=47"}],"version-history":[{"count":1225,"href":"https:\/\/www.skolabezhranic.cz\/turany\/wp-json\/wp\/v2\/pages\/47\/revisions"}],"predecessor-version":[{"id":12397,"href":"https:\/\/www.skolabezhranic.cz\/turany\/wp-json\/wp\/v2\/pages\/47\/revisions\/12397"}],"wp:attachment":[{"href":"https:\/\/www.skolabezhranic.cz\/turany\/wp-json\/wp\/v2\/media?parent=47"}],"curies":[{"name":"wp","href":"https:\/\/api.w.org\/{rel}","templated":true}]}}

Jídelna

<div><img loading="lazy" decoding="async" class="wp-image-11817 alignright" src="https://www.skolabezhranic.cz/turany/wp-content/uploads/2025/06/strava.cz-app-logo.png" alt="" width="77" height="84" /></div>
<div style="background-color: #dddddd; text-align: center; padding: 10px; margin: auto; width: 90%;"><strong>Odhlašování stravy je možné <span style="text-decoration: underline;">výhradně před aplikaci Strava.cz nebo přes web. stránky: www.strava.cz.  </span><br />
Stravu odhlašujte den dopředu do 14.00 hod. V případě nemoci <span style="color: #ff0000;">do 7.00 </span> hodin ráno.<br />
V případě potřeby kontaktujte vedoucí šk. jídelen &#8211; paní Hanu Armstarkovou &#8211; 734 756 961; armstarkova@skolabezhranic.cz </strong></div>
<div>
<p><img loading="lazy" decoding="async" class="alignnone wp-image-8476" src="https://www.skolabezhranic.cz/msec/wp-content/uploads/2025/06/strava.cz-logo-300x113.png" alt="" width="170" height="64" /> &#8211; návod, jak aktivovat účet svého dítěte/svých dětí:    <a href="https://www.skolabezhranic.cz/turany/wp-content/uploads/2025/06/Strava-cz.-1.st_.-Turany-3.pdf">1.st. ZŠ Tuřany</a>     &#8211;      <a href="https://www.skolabezhranic.cz/msec/wp-content/uploads/2025/06/Strava-cz.MS-Dokumenty-Google.pdf">MŠ Tuřany</a></p>
</div>
<div>
<div style="text-align: center;"><strong>JÍDELNÍČEK</strong></div>
<p style="text-align: center;"><span style="color: #000000;"><strong>Týden: 27. 4. 2026 &#8211; 1. 5. 2026</strong></span><span style="color: #000000;"><strong><br />
</strong></span><strong><a href="https://www.skolabezhranic.cz/turany/wp-content/uploads/2026/04/Ms-Turany-27.-4.-2026.pdf">Školka </a> <a href="https://www.skolabezhranic.cz/turany/wp-content/uploads/2026/04/Zs-Turany-27.-4.-2026.pdf">  Škola</a></strong>  <a href="https://www.skolabezhranic.cz/turany/wp-content/uploads/2026/04/Zs-Turany-27.-4.-2026.pdf">  <strong>Ostatní</strong></a></p>
<p style="text-align: center;"><strong style="color: initial;">JÍDELNÍČEK</strong></p>
</div>
<p style="text-align: center;"><span style="color: #000000;"><strong>Týden: 4. 5. 2026 &#8211; 8. 5. 2026<br />
</strong></span><strong><a href="https://www.skolabezhranic.cz/turany/wp-content/uploads/2026/04/Ms-Turany-4.-5.-2026.pdf">Školka</a>   <a href="https://www.skolabezhranic.cz/turany/wp-content/uploads/2026/04/Zs-Turany-4.-5.-2026.pdf"> Škola</a></strong>  <a href="https://www.skolabezhranic.cz/turany/wp-content/uploads/2026/04/Zs-Turany-4.-5.-2026.pdf">   <strong>Ostatní</strong> </a></p>
<h5 style="text-align: left;"><span style="color: #808080;"><span style="text-decoration: underline; background-color: #00ffff;"><strong>PLATBY</strong></span>:<br />
&#8211; V <strong>HOTOVOSTI</strong> VE ŠKOLNÍ JÍDELNĚ (vchod pro &#8222;cizí strávníky&#8220; u MŠ) &#8218;<br />
<span style="color: #000000;">na květen  2026</span> &#8211; ve čtvrtek  30.<span style="background-color: #ffffff; color: #000000;"> 4. 2026</span></span><span style="background-color: #ffffff; color: #000000;"> </span> 7:00 &#8211; 8:00</h5>
<h5 style="text-align: left;"><span style="color: #808080;">&#8211; BEZHOTOVOSTNÍ PLATBY ZA STRAVNÉ &#8211; </span><strong style="color: #0000ff; font-size: revert; text-align: center;">ÚHRADOU NA BANKOVNÍ ÚČET<br />
</strong><strong style="color: #ff0000; font-size: revert; text-align: center;">  30015–3529951379/0800 &#8211; </strong><strong style="color: #0000ff; font-size: revert; text-align: center;">do 25. dne</strong><span style="color: #0000ff; font-size: revert; font-weight: revert; text-align: center;"> předcházejícího měsíce  </span><em style="font-size: revert; text-align: center; color: initial;">(např.: PLATBU NA ŘÍJEN NEJPOZDĚJI UHRADIT DO 25. ZÁŘÍ); nutné uvést</em><strong style="color: #0000ff; font-size: revert; text-align: center;"> VARIABILNÍ SYMBOL PŘIDĚLENÝ VAŠEMU DÍTĚTI &#8211; </strong>Prosím o dodržení tohoto požadavku kvůli identifikaci platby.</h5>
<h5 style="text-align: left;">POKUD NEBUDE STRAVNÉ V ZŠ UHRAZENO VČAS A NA CELÝ MĚSÍC, OBĚD NEBUDE ÚČTOVÁN ANI VYDÁN!!!</h5>
<h4 style="text-align: center;"><a href="https://www.skolabezhranic.cz/turany/wp-content/uploads/2025/10/20251020132159137.pdf">CENÍK STRAVNÉHO OD 1. 3. 2025</a></h4>
<div style="background-color: #eeeeee; text-align: left; padding: 10px; margin-left: 10px; margin-top: 10px; width: 45%; font-size: 15px; float: left;">
<div><strong>Od 1. 6. 2025 najdete vyúčtování pouze ve Strava.cz</strong></div>
<div>
<div>
<p><a href="https://www.skolabezhranic.cz/turany/vyuctovani-stravneho/">HISTORIE VYÚČTOVÁNÍ 12/2015 &#8211; 5/2025</a></p>
</div>
</div>
<div><strong>            </strong></div>
</div>
<div style="background-color: #eeeeee; text-align: center; padding: 10px; margin-left: 10px; margin-top: 10px; font-size: 14px; width: 45%; float: left;">
<ul>
<li>Vedoucí školních jídelen:<strong> Hana Armstarková</strong></li>
<li><strong>mobil: 734 756 961, </strong>armstarkova@skolabezhranic.cz</li>
<li>PLATBY V HOTOVOSTI: po telefonické dohodě</li>
<li>BEZHOTOVOSTNÍ PLATBY STRAVNÉHO: <strong>30015–3529951379/0800</strong></li>
<li>OZNAČOVÁNÍ ALERGENŮ V POKRMECH &#8211; informace a legislativní rámec <a href="http://www.skolabezhranic.cz/alerg.pdf" target="_blank" rel="noopener noreferrer">ZDE</a><strong><br />
</strong></li>
<li>SEZNAM ALERGENŮ publikovaných v evropské směrnici<strong> &#8211;<a href="http://www.skolabezhranic.cz/msec/wp-content/uploads/2017/08/alergeny.jpg">ZDE</a></strong></li>
<li><a href="https://www.skolabezhranic.cz/turany/wp-content/uploads/2025/09/sj-zs-t.pdf"><strong>VNITŘNÍ</strong><strong> ŘÁD ŠKOLNÍ JÍDELNY &#8211; ZŠ Tuřany</strong></a></li>
<li><a href="https://www.skolabezhranic.cz/turany/wp-content/uploads/2025/09/sj-ms-t.pdf"><strong>VNITŘNÍ</strong><strong> ŘÁD ŠKOLNÍ JÍDELNY &#8211; MŠ Tuřany</strong></a></li>
<li><a href="https://www.skolabezhranic.cz/msec/wp-content/uploads/2025/10/prihlaska-ke-stravovani-Bez-hranic.docx.pdf"><strong>Přihláška ke stravování</strong></a></li>
<li><a href="https://www.skolabezhranic.cz/turany/wp-content/uploads/2017/08/žádost-o-navrácení-přeplatku-stravného-ZŠ-Tuřany.pdf"><strong>Žádost o vrácení přeplatku stravného v ZŠ</strong></a></li>
<li><a href="https://www.skolabezhranic.cz/turany/wp-content/uploads/2017/08/žádost-o-navrácení-přeplatku-stravného-MŠ-Tuřany.pdf"><strong>Žádost o vrácení přeplatku stravného v MŠ</strong></a></li>
<li><strong><strong><a href="http://www.skolabezhranic.cz/msec/wp-content/uploads/2017/08/20200216142545996.pdf">Směrnice ke stanovení výše úplaty za školní stravování</a></strong></strong></li>
<li><strong><a href="https://www.skolabezhranic.cz/msec/wp-content/uploads/2025/02/20250218081304155.pdf">Dodatek č. 8</a> (od 1. 3. 2025) &#8211; stanovení aktuální výše úplaty za stravování</strong></li>
<li><strong><a href="https://www.skolabezhranic.cz/turany/wp-content/uploads/2022/11/kyoScan-‎11‎.‎24‎.‎2022-‎9‎.‎31‎.‎44.pdf">Dodatek č. 7</a> (od 1. 1. 2023) &#8211; stanovení aktuální výše úplaty za stravování</strong></li>
<li><strong><a href="http://www.skolabezhranic.cz/msec/wp-content/uploads/2022/02/kyoScan-‎2‎.‎18‎.‎2022-‎13‎.‎06‎.‎23.pdf">Dodatek č. 6</a> (od 1. 4. 2022) &#8211; stanovení aktuální výše úplaty za stravování v MŠ</strong></li>
<li><strong><a href="http://www.skolabezhranic.cz/msec/wp-content/uploads/2017/08/Dodatek5.pdf">Dodatek č. 5 </a> (od 1. 9. 2020) – stanovení aktuální výše úplaty za stravování</strong></li>
<li><strong><a href="http://www.skolabezhranic.cz/msec/wp-content/uploads/2018/09/20180910141514189.pdf">Dodatek č. 4</a> – stanovení úplaty za stravování – vrácení přeplatků</strong></li>
<li><a href="https://www.skolabezhranic.cz/turany/wp-content/uploads/2025/09/20250926103745895.pdf">Směrnice pro konzumaci vlastního jídla v prostorách ŠJ</a></li>
</ul>
</div>

<p>Odhlašování stravy je možné výhradně před aplikaci Strava.cz nebo přes web. stránky: www.strava.cz.   Stravu odhlašujte den dopředu do 14.00 hod. V případě nemoci do 7.00  hodin ráno. V případě potřeby kontaktujte vedoucí šk. jídelen &#8211; paní Hanu Armstarkovou &#8211; 734 756 961; armstarkova@skolabezhranic.cz  &#8211; návod, jak aktivovat účet svého dítěte/svých&#46;&#46;&#46;</p>
