{"id":8080,"date":"2025-01-11T16:03:53","date_gmt":"2025-01-11T15:03:53","guid":{"rendered":"https:\/\/www.skolabezhranic.cz\/msec\/?page_id=8080"},"modified":"2026-03-18T07:21:10","modified_gmt":"2026-03-18T06:21:10","slug":"prihlasky-na-ss-rodice-zaku-9-5-a-7-rocniku","status":"publish","type":"page","link":"https:\/\/www.skolabezhranic.cz\/msec\/index.php\/prihlasky-na-ss-rodice-zaku-9-5-a-7-rocniku\/","title":{"rendered":"P\u0159ihl\u00e1\u0161ky na S\u0160 (rodi\u010de \u017e\u00e1k\u016f 9., 5. a 7. ro\u010dn\u00edk\u016f)"},"content":{"rendered":"<p><span style=\"font-size: 14pt;\"><strong>2025\/2026 <\/strong><\/span><strong>(postupn\u011b V\u00e1m sem budeme vkl\u00e1dat d\u016fle\u017eit\u00e9 aktu\u00e1ln\u00ed informace)&#8230;.<br \/>\n<\/strong><\/p>\n<p>20. 11. 2025 prob\u011bhla informativn\u00ed t\u0159\u00eddn\u00ed sch\u016fzka se z\u00e1konn\u00fdmi z\u00e1stupci a \u017e\u00e1ky 9.ro\u010dn\u00edku ohledn\u011b v\u00fdb\u011bru, priorit a podm\u00ednek p\u0159ijet\u00ed na S\u0160 + o mo\u017enostech pod\u00e1n\u00ed p\u0159ihl\u00e1\u0161ek na S\u0160.<\/p>\n<p>V p\u0159\u00edpad\u011b pot\u0159eby je mo\u017eno sjednat individu\u00e1ln\u00ed setk\u00e1n\u00ed (sklenickova@skolabezhranic.cz)<\/p>\n<p><a role=\"link\" href=\"https:\/\/www.skolabezhranic.cz\/msec\/wp-content\/uploads\/2025\/10\/Sdeleni-o-terminech_2025-2026.pdf\">Sd\u011blen\u00ed M\u0160MT \u2013 term\u00edny kon\u00e1n\u00ed jednotn\u00e9 p\u0159ij\u00edmac\u00ed zkou\u0161ky ve \u0161koln\u00edm roce 2025\/2026<\/a><\/p>\n<p><a href=\"https:\/\/www.skolabezhranic.cz\/msec\/wp-content\/uploads\/2026\/03\/JPZ_schema_2026.pdf\">\u010casov\u00fd rozvrh kon\u00e1n\u00ed p\u00edsemn\u00fdch test\u016f JPZ<\/a><\/p>\n<p><a href=\"https:\/\/www.to-das.cz\/prijimaci-zkousky-terminy\/#viceleta-gymnazia\">Term\u00edn kon\u00e1n\u00ed PZ pro uchaze\u010de o v\u00edcelet\u00e1 gymn\u00e1zia (z 5. a 7. ro\u010dn\u00edku)<\/a><\/p>\n<p><a role=\"link\" href=\"https:\/\/www.prihlaskynastredni.cz\/rodice-zaci.php\">JAK PODAT P\u0158IHL\u00c1\u0160KY NA S\u0160<\/a><\/p>\n<p><a role=\"link\" href=\"https:\/\/prijimacky.cermat.cz\/menu\/jednotna-prijimaci-zkouska\">Jednotn\u00e1 p\u0159ij\u00edmac\u00ed zkou\u0161ka \u2013 informace o pod\u00e1v\u00e1n\u00ed p\u0159ihl\u00e1\u0161ek (Cermat)<\/a><\/p>\n<p><a href=\"https:\/\/www.prihlaskynastredni.cz\/rodice-zaci.php\">P\u0159ihl\u00e1\u0161ka na S\u0160 elektronicky<\/a>:\u00a0 <a href=\"https:\/\/www.skolabezhranic.cz\/msec\/wp-content\/uploads\/2025\/11\/Informace-pro-uchazece-a-ZZ_2026.pdf\">informace pro rodi\u010de<\/a>\/ <a href=\"https:\/\/www.skolabezhranic.cz\/msec\/wp-content\/uploads\/2025\/11\/Letak_2026.pdf\">let\u00e1k<\/a> \/ <a href=\"https:\/\/www.skolabezhranic.cz\/msec\/wp-content\/uploads\/2025\/11\/Letak_brozura_2026.pdf\">bro\u017eura<\/a><\/p>\n<p><a role=\"link\" href=\"https:\/\/dipsy.cz\/prihlaska\/intro\">DIPSy (DIgit\u00e1ln\u00ed P\u0159ihla\u0161ovac\u00ed Syst\u00e9m)<\/a>\u00a0\u2013 mo\u017enost p\u0159ihl\u00e1\u0161en\u00ed pro pod\u00e1n\u00ed p\u0159ihl\u00e1\u0161ek (a\u017e od 1. 2. \u2013 do 20. 2. 2026)<\/p>\n<p><a href=\"https:\/\/www.skolabezhranic.cz\/msec\/wp-content\/uploads\/2025\/11\/kalendar-devataka-a-checklist-2.pdf\">Kalend\u00e1\u0159 dev\u00e1\u0165\u00e1ka a check list<\/a><\/p>\n<p><a href=\"http:\/\/Jak_na_prijimacky_26-prirucka_pro_rodice-priority\">Jak na p\u0159ij\u00edma\u010dky (p\u0159\u00edru\u010dka pro rodi\u010de)<\/a><\/p>\n<p><a role=\"link\" href=\"https:\/\/kampodevitce.cz\/\">Kam po dev\u00edtce?<\/a><\/p>\n<p><a role=\"link\" href=\"https:\/\/tau.cermat.cz\/\">TAU \u2013 Tr\u00e9nuj A U\u010d se (procvi\u010dovac\u00ed aplikace)<\/a><\/p>\n<p><a role=\"link\" href=\"https:\/\/prijimackynanecisto.cz\/\">P\u0158IJ\u00cdMA\u010cKY NANE\u010cISTO \u2013 aplikace<\/a><\/p>\n<p><a role=\"link\" href=\"https:\/\/www.skolabezhranic.cz\/msec\/wp-content\/uploads\/2025\/10\/prijimacky-nanecisto.png\">CERMAT \u2013 P\u0158\u00cdJ\u00cdMA\u010cKY NANE\u010cISTO \u2013 jednotn\u00fd term\u00edn 28. 1. 2026<\/a> + <a href=\"https:\/\/prijimacky.cermat.cz\/menu\/prijimacky-nanecisto\">Informace Cermatu<\/a> +\u00a0 <a href=\"https:\/\/prijimacky.cermat.cz\/menu\/testova-zadani-k-procvicovani\/testova-zadani-v-pdf\/prijimacky-nanecisto-zadani-testu\">Zku\u0161ebn\u00ed test<\/a><\/p>\n<p><a href=\"https:\/\/prijimacky.cermat.cz\/menu\/specifikace-pozadavku-k-jpz\">Specifikace po\u017eadavk\u016f k JPZ<\/a><\/p>\n<p><strong>Odkazy na webov\u00e9 str\u00e1nky a dny otev\u0159en\u00fdch dve\u0159\u00ed S\u0160, SO\u0160 a SOU v regionu Rakovn\u00edk-Kladno-Slan\u00fd:<\/strong><\/p>\n<p>\u2013\u00a0<a href=\"https:\/\/www.ssars.cz\/cz\/chci-studovat\/dny-otevrenych-dveri\">S\u0160S\u0158 Stochov<\/a><\/p>\n<p>\u2013 <a href=\"https:\/\/www.sou-dubska.cz\/?module=news\">SO\u0160 a SOU Dubsk\u00e1 Kladno<\/a><\/p>\n<p>\u2013\u00a0<a role=\"link\" href=\"https:\/\/spsrakovnik.cz\/18-dny-otevrenych-dveri\">SP\u0160 EK Rakovn\u00edk<\/a><\/p>\n<p>\u2013\u00a0<a href=\"https:\/\/www.gym-ns.cz\/uchazeci\/\">Gymn\u00e1zium Nov\u00e9 Stra\u0161ec\u00ed<\/a><\/p>\n<p>\u2013\u00a0<a role=\"link\" href=\"https:\/\/www.souzns.cz\/dny-otevrenych-dveri\">SOUZe Nov\u00e9 Stra\u0161ec\u00ed<\/a><\/p>\n<p>\u2013 <a href=\"https:\/\/mozarako.cz\/\">MOZA<\/a> = p\u016fvodn\u011b <a role=\"link\" href=\"https:\/\/szesrak.cz\/\">SZe\u0160 Rakovn\u00edk<\/a>\u00a0 a\u00a0\u00a0<a role=\"link\" href=\"https:\/\/moarako.cz\/clanky\/641-spojeni-moa-a-szes\/\">MOA Rakovn\u00edk<\/a> (od 1. 9. 2025 se spojily v jednu S\u0160 = MOZA)<\/p>\n<p>\u2013\u00a0<a role=\"link\" href=\"https:\/\/gzw.cz\/122-den-otevrenych-dveri\">Gymn\u00e1zium ZW Rakovn\u00edk<\/a><\/p>\n<p>\u2013\u00a0<a role=\"link\" href=\"https:\/\/www.gymnaziumslany.cz\/index.php\/uchazeci-ii\/dod\">Gymn\u00e1zium VBT Slan\u00fd<\/a><\/p>\n<p>\u2013\u00a0<a role=\"link\" href=\"https:\/\/www.gymnasiumkladno.cz\/den-otevrenych-dveri\/\">Gymn\u00e1zium Kladno<\/a><\/p>\n<p>\u2013\u00a0<a role=\"link\" href=\"https:\/\/sgagy.cz\/uchazec\/dny-otevrenych-dveri\/\">Sportovn\u00ed gymn\u00e1zium Kladno\u00a0<\/a><\/p>\n<p>\u2013\u00a0<a role=\"link\" href=\"https:\/\/www.svzskladno.cz\/dny-otevrenych-dveri\">SZdr\u0160 Kladno<\/a><\/p>\n<p>\u2013\u00a0<a role=\"link\" href=\"http:\/\/www.issjesenice.cz\/pro-uchazece\/dny-otevrenych-dveri\">IS\u0160 Jesenice<\/a><\/p>\n<p>\u2013\u00a0<a role=\"link\" href=\"https:\/\/www.sls-krivoklat.cz\/inpage\/dny-otevrenych-dveri-636\/\">SL\u0160 a SOU K\u0159ivokl\u00e1t P\u00edsky<\/a><\/p>\n<p>\u2013\u00a0<a role=\"link\" href=\"https:\/\/www.ssdr.cz\/uchazeci\/dny-otevrenych-dveri\">S\u0160D\u0158 Kladno<\/a><\/p>\n<p>\u2013\u00a0<a role=\"link\" href=\"https:\/\/www.souslany.cz\/dny-otevrenych-dveri\/\">SOU Slan\u00fd<\/a><\/p>\n<p>\u2013\u00a0<a role=\"link\" href=\"https:\/\/souvrapice.cz\/uchazec\/dny-otevrenych-dveri\">SOU Vrapice<\/a><\/p>\n<p>\u2013\u00a0<a role=\"link\" href=\"https:\/\/www.sosasoukladno.cz\/pro-uchazece-56\/dny-otevrenych-dveri-128\">SPg\u0160, SO\u0160 a SOU Kladno (E.Bene\u0161e)<\/a><\/p>\n<p>\u2013\u00a0<a role=\"link\" href=\"https:\/\/new.spskladno.cz\/aktuality\/den-otevrenych-dveri-14-11-2024\/\">SP\u0160 Kladno (J.Palacha)<\/a><\/p>\n<p>\u2013\u00a0<a role=\"link\" href=\"https:\/\/www.sosik.cz\/dny-otevrenych-dveri\/\">SP\u0160 stavebn\u00ed a OA Kladno<\/a><\/p>\n<p>\u2013\u00a0<a href=\"https:\/\/www.oaslany.cz\/pro-uchazece\/dny-otevrenych-dveri\">OA Slan\u00fd<\/a><\/p>\n<p>\u2013\u00a0<a href=\"https:\/\/shskladno.cz\/5-otazky-a-odpovedi\">S\u0160 Hotelov\u00e1 Kladno<\/a><\/p>\n<p>\u2013\u00a0<a role=\"link\" href=\"https:\/\/www.oaspgsberoun.cz\/spgs\/pro-uchazece\/den-otevrenych-dveri\/\">SPg\u0160 Beroun\u00a0<\/a><\/p>\n<p>\u2013\u00a0<a role=\"link\" href=\"https:\/\/www.skolabezhranic.cz\/msec\/wp-content\/uploads\/2024\/10\/sssvt_studium_2024.pdf\">Soukrom\u00e1 S\u0160 V\u00fdpo\u010detn\u00ed techniky Praha<\/a><\/p>\n<p>&#8211; <a href=\"https:\/\/www.szes-la.cz\/uchazeci\/dny-otevrenych-dveri\/\">St\u0159edn\u00ed \u0161kola zem\u011bd\u011blsk\u00e1 a veterin\u00e1rn\u00ed Lan\u0161kroun<\/a><\/p>\n<p>V p\u0159\u00edpad\u011b pod\u00e1n\u00ed p\u0159ihl\u00e1\u0161ky ne digit\u00e1ln\u011b, ale na pap\u00edrov\u00e9m tiskopisu:<\/p>\n<p>\u2013\u00a0<a role=\"link\" href=\"https:\/\/www.skolabezhranic.cz\/msec\/wp-content\/uploads\/2024\/11\/Prihlaska_2024-2025.pdf\">tiskopis p\u0159ihl\u00e1\u0161ky<\/a><\/p>\n<p>\u2013\u00a0<a role=\"link\" href=\"https:\/\/www.skolabezhranic.cz\/msec\/wp-content\/uploads\/2024\/11\/ZdravotnA_-posudek.pdf\">l\u00e9ka\u0159sk\u00fd posudek (kde je pot\u0159eba)<\/a><\/p>\n<p>_______________________________________________________________________________<\/p>\n<p>Archiv &#8211; 2024\/2025<\/p>\n<p><a role=\"link\" href=\"file:\/\/\/C:\/Users\/Uzivatel\/Downloads\/JPZ_schema_2025%20(1).pdf\">\u010casov\u00fd rozvrh kon\u00e1n\u00ed p\u00edsemn\u00fdch test\u016f JPZ<\/a><\/p>\n<p><a role=\"link\" href=\"file:\/\/\/C:\/Users\/Uzivatel\/Downloads\/Casovy%20%20harmonogram_2024-2025-1.pdf\">\u010casov\u00fd harmonogram pro 1. a 2. kolo p\u0159ij\u00edmac\u00edho \u0159\u00edzen\u00ed<\/a><\/p>\n<p><a role=\"link\" href=\"https:\/\/www.statniprijimacky.cz\/pro\/5-trida\/prihlasky\">Informace pro rodi\u010de \u017e\u00e1k\u016f 5.ro\u010dn\u00edku (p\u0159ihla\u0161ov\u00e1n\u00ed na v\u00edcelet\u00e1 gymn\u00e1zia) &#8211; term\u00edn pod\u00e1n\u00ed p\u0159ihl\u00e1\u0161ek DO 15. 2. 2025!!!<\/a><\/p>\n<p>P\u0159ihl\u00e1\u0161ka na S\u0160 elektronicky:\u00a0\u00a0<a role=\"link\" href=\"https:\/\/www.skolabezhranic.cz\/msec\/wp-content\/uploads\/2024\/11\/letak_2025.pdf\">let\u00e1k<\/a>\u00a0\/\u00a0<a role=\"link\" href=\"https:\/\/www.skolabezhranic.cz\/msec\/wp-content\/uploads\/2024\/11\/letak_brozura_2025-1.pdf\">bro\u017eura<\/a><\/p>\n<p><a role=\"link\" href=\"https:\/\/www.skolabezhranic.cz\/msec\/wp-content\/uploads\/2024\/09\/kalendar-devataka-a-checklist.pdf\">Kalend\u00e1\u0159 dev\u00e1\u0165\u00e1ka a check list<\/a><\/p>\n<p><a role=\"link\" href=\"https:\/\/www.skolabezhranic.cz\/msec\/wp-content\/uploads\/2024\/09\/Akt01_Pruvodce-24-25.pdf\">Pr\u016fvodce dev\u00edtkou<\/a><\/p>\n<p><a role=\"link\" href=\"https:\/\/kampodevitce.cz\/\">Kam po dev\u00edtce?<\/a><\/p>\n<p>&nbsp;<\/p>\n","protected":false},"excerpt":{"rendered":"<p>2025\/2026 (postupn\u011b V\u00e1m sem budeme vkl\u00e1dat d\u016fle\u017eit\u00e9 aktu\u00e1ln\u00ed informace)&#8230;. 20. 11. 2025 prob\u011bhla informativn\u00ed t\u0159\u00eddn\u00ed sch\u016fzka se z\u00e1konn\u00fdmi z\u00e1stupci a \u017e\u00e1ky 9.ro\u010dn\u00edku ohledn\u011b v\u00fdb\u011bru, priorit a podm\u00ednek p\u0159ijet\u00ed na S\u0160 + o mo\u017enostech pod\u00e1n\u00ed p\u0159ihl\u00e1\u0161ek na S\u0160. V p\u0159\u00edpad\u011b pot\u0159eby je mo\u017eno sjednat individu\u00e1ln\u00ed setk\u00e1n\u00ed (sklenickova@skolabezhranic.cz) Sd\u011blen\u00ed M\u0160MT \u2013 term\u00edny&#46;&#46;&#46;<\/p>\n","protected":false},"author":12,"featured_media":0,"parent":0,"menu_order":0,"comment_status":"closed","ping_status":"closed","template":"","meta":{"footnotes":""},"class_list":["post-8080","page","type-page","status-publish","hentry"],"_links":{"self":[{"href":"https:\/\/www.skolabezhranic.cz\/msec\/index.php\/wp-json\/wp\/v2\/pages\/8080","targetHints":{"allow":["GET"]}}],"collection":[{"href":"https:\/\/www.skolabezhranic.cz\/msec\/index.php\/wp-json\/wp\/v2\/pages"}],"about":[{"href":"https:\/\/www.skolabezhranic.cz\/msec\/index.php\/wp-json\/wp\/v2\/types\/page"}],"author":[{"embeddable":true,"href":"https:\/\/www.skolabezhranic.cz\/msec\/index.php\/wp-json\/wp\/v2\/users\/12"}],"replies":[{"embeddable":true,"href":"https:\/\/www.skolabezhranic.cz\/msec\/index.php\/wp-json\/wp\/v2\/comments?post=8080"}],"version-history":[{"count":19,"href":"https:\/\/www.skolabezhranic.cz\/msec\/index.php\/wp-json\/wp\/v2\/pages\/8080\/revisions"}],"predecessor-version":[{"id":9067,"href":"https:\/\/www.skolabezhranic.cz\/msec\/index.php\/wp-json\/wp\/v2\/pages\/8080\/revisions\/9067"}],"wp:attachment":[{"href":"https:\/\/www.skolabezhranic.cz\/msec\/index.php\/wp-json\/wp\/v2\/media?parent=8080"}],"curies":[{"name":"wp","href":"https:\/\/api.w.org\/{rel}","templated":true}]}}