{"id":69,"date":"2017-08-07T15:54:45","date_gmt":"2017-08-07T15:54:45","guid":{"rendered":"http:\/\/www.skolabezhranic.cz\/msec\/?page_id=69"},"modified":"2023-03-20T00:53:19","modified_gmt":"2023-03-19T23:53:19","slug":"skolni-rad-2","status":"publish","type":"page","link":"https:\/\/www.skolabezhranic.cz\/msec\/index.php\/skolni-rad-2\/","title":{"rendered":"\u0160koln\u00ed \u0159\u00e1d"},"content":{"rendered":"<p>Je Va\u0161\u00ed povinnost\u00ed sezn\u00e1mit se se \u0161koln\u00edm \u0159\u00e1dem, proto\u017ee:<\/p>\n<ul>\n<li>\u0158\u00e1d stanovuje podrobnosti provozu \u0161koly, pr\u00e1va a povinnosti \u017e\u00e1k\u016f, podm\u00ednky v\u00fdchovn\u011b vzd\u011bl\u00e1vac\u00edho procesu ve \u0161kole, v\u010detn\u011b vztah\u016f mezi \u00fa\u010dastn\u00edky tohoto procesu.<\/li>\n<li>\u0158\u00e1d \u0161koly je z\u00e1vazn\u00fd pro v\u0161echny \u017e\u00e1ky.<\/li>\n<\/ul>\n<h2><a href=\"https:\/\/www.skolabezhranic.cz\/msec\/wp-content\/uploads\/2023\/03\/20230315091808338.pdf\">\u0160koln\u00ed \u0159\u00e1d a pravidla pro hodnocen\u00ed \u017e\u00e1k\u016f<\/a><\/h2>\n<p><a href=\"https:\/\/www.skolabezhranic.cz\/msec\/wp-content\/uploads\/2023\/03\/20230315091954960.pdf\">P\u0159\u00edloha ke \u0161koln\u00edmu \u0159\u00e1du \u2013 Krit\u00e9ria pro hodnocen\u00ed chov\u00e1n\u00ed \u017e\u00e1k\u016f<\/a><\/p>\n","protected":false},"excerpt":{"rendered":"<p>Je Va\u0161\u00ed povinnost\u00ed sezn\u00e1mit se se \u0161koln\u00edm \u0159\u00e1dem, proto\u017ee: \u0158\u00e1d stanovuje podrobnosti provozu \u0161koly, pr\u00e1va a povinnosti \u017e\u00e1k\u016f, podm\u00ednky v\u00fdchovn\u011b vzd\u011bl\u00e1vac\u00edho procesu ve \u0161kole, v\u010detn\u011b vztah\u016f mezi \u00fa\u010dastn\u00edky tohoto procesu. \u0158\u00e1d \u0161koly je z\u00e1vazn\u00fd pro v\u0161echny \u017e\u00e1ky. \u0160koln\u00ed \u0159\u00e1d a pravidla pro hodnocen\u00ed \u017e\u00e1k\u016f P\u0159\u00edloha ke \u0161koln\u00edmu \u0159\u00e1du \u2013 Krit\u00e9ria&#46;&#46;&#46;<\/p>\n","protected":false},"author":2,"featured_media":0,"parent":0,"menu_order":0,"comment_status":"closed","ping_status":"closed","template":"","meta":{"footnotes":""},"class_list":["post-69","page","type-page","status-publish","hentry"],"_links":{"self":[{"href":"https:\/\/www.skolabezhranic.cz\/msec\/index.php\/wp-json\/wp\/v2\/pages\/69","targetHints":{"allow":["GET"]}}],"collection":[{"href":"https:\/\/www.skolabezhranic.cz\/msec\/index.php\/wp-json\/wp\/v2\/pages"}],"about":[{"href":"https:\/\/www.skolabezhranic.cz\/msec\/index.php\/wp-json\/wp\/v2\/types\/page"}],"author":[{"embeddable":true,"href":"https:\/\/www.skolabezhranic.cz\/msec\/index.php\/wp-json\/wp\/v2\/users\/2"}],"replies":[{"embeddable":true,"href":"https:\/\/www.skolabezhranic.cz\/msec\/index.php\/wp-json\/wp\/v2\/comments?post=69"}],"version-history":[{"count":11,"href":"https:\/\/www.skolabezhranic.cz\/msec\/index.php\/wp-json\/wp\/v2\/pages\/69\/revisions"}],"predecessor-version":[{"id":6519,"href":"https:\/\/www.skolabezhranic.cz\/msec\/index.php\/wp-json\/wp\/v2\/pages\/69\/revisions\/6519"}],"wp:attachment":[{"href":"https:\/\/www.skolabezhranic.cz\/msec\/index.php\/wp-json\/wp\/v2\/media?parent=69"}],"curies":[{"name":"wp","href":"https:\/\/api.w.org\/{rel}","templated":true}]}}